 + 18*s + 14*s**3 - 11*s**2 - 4 - 15*s**3 + s**2. What is the remainder when u(-9) is divided by k?
12
What is the remainder when 287 is divided by ((-3)/(-1))/(5/(-920)*-23)?
23
Let d(i) = -609*i - 3608. Calculate the remainder when 7451 is divided by d(-6).
45
Suppose 5*q - 72 = 13*q. Let a = -68 - q. Let y = 69 + a. Calculate the remainder when 69 is divided by y.
9
Let h(c) = 53*c - 34. Let q be h(2). Suppose -u = -8 + 6, 0 = 5*y - 4*u - q. Calculate the remainder when 126 is divided by y.
14
Let m(f) = -2*f - 4. Let q(s) = s**3 + 15*s**2 - 15*s + 11. Let n be q(-16). Calculate the remainder when 11 is divided by m(n).
5
Calculate the remainder when 188 is divided by 6/(-69) - (-2766)/69.
28
Let p be ((-216)/(2/1))/(-2). Suppose 29 = w + 3*r, -53 = -3*w + r + p. Let x(y) = -y + 5. What is the remainder when w is divided by x(-4)?
8
Let t(c) = 53*c**2 - 635*c - 36. Calculate the remainder when t(15) is divided by 21.
12
Suppose -718 = -23*n + 846. Suppose 0 = 3*q - n + 8. Calculate the remainder when 73 is divided by q.
13
Let w = 79 - 179. Let q = 9 - w. Suppose m = -5, 0*a = 4*a - m - q. Calculate the remainder when 76 is divided by a.
24
Let y = -26 - -29. Suppose y*g - 29 = -5. Suppose -r + g*r = 14. What is the remainder when 2 is divided by r?
0
Suppose -3*v + 128 = 2*q, v - 5*q - 54 = -0*v. Let o = -112 - -119. Suppose o*a = 9*a - 30. What is the remainder when v is divided by a?
14
Calculate the remainder when ((-11)/((-770)/10940))/(26/(-14) - -2) is divided by 55.
49
Let y = 4750 - 4642. What is the remainder when 292 is divided by y?
76
Let u = 130 + -75. What is the remainder when u is divided by (282/(-4))/((-7)/2) - (-42)/(-294)?
15
Let i(y) = 2*y**2 - y + 2. Let p be i(1). Suppose -9 = -4*m + p, 2*d - 192 = 2*m. Let f = d + -21. What is the remainder when f is divided by 20?
18
Let g(m) = -68*m + 192. Let w be g(-19). Calculate the remainder when 2*4/(-20) + w/35 is divided by 23.
19
Suppose 3*o + 59 = 5*k, 3 = -3*o + 2*o. Suppose 7*m + 9 = k*m. Suppose 0 = -d + 6*d - 2*h - 201, m*d - h = 121. Calculate the remainder when d is divided by 22.
19
Let b be 28/72*489 + (-1)/6. Suppose -5*a - 2*o + 191 = 0, -3*a - 69 = -2*o - b. What is the remainder when a is divided by 33?
6
Let j(z) = 405*z**2 + 13*z - 4. Let m be j(-3). Suppose -3916 = -42*f + m. Calculate the remainder when f is divided by 91.
88
Suppose -i - 4*k + 43 = 16, -5*k = -2*i + 54. Let l = -65 - -99. Suppose b = -2*b + 2*x + l, 3*x + 26 = 2*b. What is the remainder when i is divided by b?
7
Calculate the remainder when (-144)/(-66) - (-6 + 8) - 5861/(-11) is divided by 256.
21
Suppose 6*k + 89*p - 86*p = 777, -5*k - 5*p + 640 = 0. Calculate the remainder when k is divided by (-3)/(19/22 + -1).
21
Let v = 69 + -220. Let l = v - -238. Let c = l + -70. What is the remainder when 67 is divided by c?
16
Let w(m) = -m**3 + 26*m**2 + 4. Let b be w(26). Suppose 65 = b*f + 5*r, 5*r = -f + 7 + 13. Calculate the remainder when 176 is divided by f.
11
Suppose -s + 3*b + 1077 = -43, -s + 1124 = -4*b. What is the remainder when s is divided by 48?
4
Let n be (9/2 - 5)*0. Suppose -5*p + b + 585 = 0, n*p - 3*b = 4*p - 468. Calculate the remainder when p is divided by 7.
5
Let m be -62*167/(-18) + 28/(-126). Suppose m = 5*y + 2*x, -2*y + 3*x + 115 = -y. What is the remainder when y is divided by 62?
53
Let n(p) = 15*p**2 + 53*p + 96. Suppose 94 = k - 4*s, -4*s - 201 = -2*k - 9*s. What is the remainder when k is divided by n(-2)?
48
Let b be 11*(-1 - (-2 - 0)). Suppose 5*n - 76 + b = 0. Suppose -h - 8 = -4*f + h, -2*f + 5*h - 12 = 0. Calculate the remainder when n is divided by f.
1
Suppose 12*w - 5*w + 14 = 0. Let u be 1/w*0/9 - -25. Suppose -17*n - 368 = -u*n. What is the remainder when n is divided by 12?
10
Suppose 197*d + 5*v - 48 = 193*d, 0 = 3*d + 3*v - 36. Calculate the remainder when 1342 is divided by d.
10
Calculate the remainder when 181 is divided by (-5)/6 - (-13 - 623/6).
65
Suppose 2*v + 2*r + 2*r = 6, -12 = -v + r. Suppose -75 + 152 = w. Calculate the remainder when w is divided by v.
5
Suppose -9*u + 34*u = 15*u + 6090. What is the remainder when u is divided by 70?
49
Suppose -5*g + 3606 = d, -92*d + 79*d + 2114 = 3*g. Suppose -2*m + 14 + 36 = 0. Calculate the remainder when g is divided by m.
22
Suppose -229 = -5*j + 336. Let m be -6 + (1628/(-110))/((-1)/5). What is the remainder when j is divided by (-271)/(-7) + m/238?
35
Calculate the remainder when 410 is divided by (((-6)/6)/(-1))/(-1 - 1)*-248.
38
Let s = -41 + 166. Suppose 97 = a - 5*z, 5*a + 3*z = 304 + s. Let o = 54 - 24. What is the remainder when a is divided by o?
27
Suppose -3 = 3*z + 9, 3*z + 104 = 4*v. Let x = -1373 + 800. Let q = -487 - x. Calculate the remainder when q is divided by v.
17
Suppose -23*j - 14362 = -204*j + 14*j. What is the remainder when 267 is divided by j?
9
Suppose -10*o = 10*o - 7440. Suppose -12*q + 175 = w - 7*q, -q = -2*w + o. Calculate the remainder when w is divided by 48.
41
Let c(b) = 9*b + 7. Let y be c(11). Suppose -y = -5*m + 99. Suppose 5*u - 41 = 14. Calculate the remainder when m is divided by u.
8
Let a(s) = -s**2 - 11*s + 4. Let i be a(-11). Suppose -i*t = -3*b - 28, 2*b + 3*b - 30 = -t. Calculate the remainder when 75 is divided by (10/25)/(t/475).
18
Suppose 0 = 4*z + 4*o + 224, 4*o - 6*o = -2*z - 124. Let u = z - -78. What is the remainder when 70 is divided by u?
13
Suppose -2*x + 0*x - 2295 = 5*n, 4*x = -n - 4545. Let s = -189 - x. What is the remainder when s is divided by 25?
21
Let i = -2985 - -3005. Let q be (-9)/27 - 2746/6. What is the remainder when (-4)/(-14) - q/14 is divided by i?
13
Let z(f) be the second derivative of -f**3/6 + f**2 - 92*f. Calculate the remainder when 72 is divided by z(-9).
6
Let v = -472 - -469. Let g(o) = o**2 + 26*o + 88. Calculate the remainder when 36 is divided by g(v).
17
Suppose 3*l + 5*z = 23, 3*z - z = -4. Let p(y) = -44*y - 26*y**2 + 9*y**3 + 27*y**2 + 49*y - 2. What is the remainder when p(2) is divided by l?
7
Suppose -7*d + 483 = -19*c + 15*c, 4*d = c + 267. What is the remainder when 8377 is divided by d?
57
Let x(h) = -6*h**2 + 57*h + 100. Calculate the remainder when 173 is divided by x(11).
0
Suppose 8*i - 13*i - 33 = -4*o, -5 = -5*o - i. Suppose -o*v - 16 = -214. What is the remainder when v is divided by 26?
21
Suppose 0*m + i = m + 10, -18 = 3*m + 3*i. Let t be (-30)/12*(2 + m/2). Suppose -t - 7 = -3*u. What is the remainder when 7 is divided by u?
3
Let t(d) = -2*d - 8 - 4 - 33. Let n be t(0). Let x = -22 - n. Calculate the remainder when 112 is divided by x.
20
Let v = 28 - 18. Let p = 432 + -325. What is the remainder when p is divided by v?
7
Let a be -212 + 0*2/4. Let m = a - -218. Calculate the remainder when 41 is divided by m.
5
Let z = 209 - 165. Suppose z = 12*g - 208. What is the remainder when 80 is divided by g?
17
Let i(y) = 5*y**3 + 9*y**2 + 12*y + 36. Let r(v) = -v**3 + v + 1. Let d(n) = -i(n) - 4*r(n). What is the remainder when 77 is divided by d(-8)?
5
Let j(b) = b**3 - 52*b**2 + 100*b + 119. What is the remainder when 10229 is divided by j(50)?
114
Suppose 0*j = 7*j - 49. Let g(y) = 3*y + 21. Let f be g(0). Let i = f + -15. What is the remainder when j is divided by i?
1
Suppose -x + 0*x = -1. Let g be -4 - (x - 37)*1. Suppose -g + 202 = 5*j. What is the remainder when j is divided by 9?
7
Suppose 13*k - 8620 = 19*k - 16*k. What is the remainder when k is divided by 293?
276
Suppose h = -0*h + 21. Calculate the remainder when h/2*(-400)/(-150) is divided by 7.
0
Let w(c) = 3*c - 12. Let k be w(4). Suppose k = y - 129 + 99. Let h = -9 + y. Calculate the remainder when h is divided by 11.
10
Let g(n) = -120*n + 23. Calculate the remainder when g(-3) is divided by (2 + -5)*((-148)/12 - 2).
39
Let r = 27810 + -25278. What is the remainder when r is divided by 47?
41
Suppose 1920 = 14*u + 1626. Suppose 0 = -2*a + 3*a - 2. What is the remainder when (2/a)/(6/372) is divided by u?
20
What is the remainder when (0 - 1)*((-105)/(-6))/(2/(-4)) is divided by 28?
7
Let j = -882 + 893. What is the remainder when 1098 is divided by j?
9
Suppose 376 = 238*u - 234*u. Suppose -6*h + 3*h - 3*m + 207 = 0, -h + 4*m = -u. Calculate the remainder when h is divided by 7.
4
Let m(q) = -311*q + 1067. Calcu